{"id":16,"date":"2023-06-12T22:53:45","date_gmt":"2023-06-12T20:53:45","guid":{"rendered":"https:\/\/xn--bschtn-0xa.at\/philipp-hell\/?page_id=16"},"modified":"2023-06-12T23:55:28","modified_gmt":"2023-06-12T21:55:28","slug":"impressum","status":"publish","type":"page","link":"https:\/\/web.sw.unterholzer.dev\/philipp-hell\/impressum\/","title":{"rendered":"Impressum"},"content":{"rendered":"\n<h2>\n\t\tImpressum\n\t<\/h2>\n\t<h3>Ing. Philipp Hell<\/h3>\nDachsenweg 2<br \/>\n4783 Wernstein am Inn<br \/>\nAUSTRIA\nTelefon: +43 664 466 57 35<br \/>\nEmail: philipp@hell.info\n<figure><a href=\"https:\/\/www.wkoecg.at\/Ecg.aspx?FirmaID=f03b5b2b-4eed-46de-8073-7523b599ad3c\" target=\"_blank\" rel=\"noreferrer noopener\"><img decoding=\"async\" data-src=\"https:\/\/xn--bschtn-0xa.at\/philipp-hell\/wp-content\/uploads\/sites\/31\/2023\/06\/ecg.png\" alt=\"\" width=\"169\" height=\"23\" src=\"data:image\/svg+xml;base64,PHN2ZyB3aWR0aD0iMSIgaGVpZ2h0PSIxIiB4bWxucz0iaHR0cDovL3d3dy53My5vcmcvMjAwMC9zdmciPjwvc3ZnPg==\" class=\"lazyload\" style=\"--smush-placeholder-width: 169px; --smush-placeholder-aspect-ratio: 169\/23;\" \/><\/a><\/figure>\n<strong>Unternehmensgegenstand:<br \/>\n<\/strong>Elektrotechnik\n<strong>Mitglied\u00a0<\/strong>der Wirtschaftskammer Ober\u00f6sterreich<br \/>\nLandesinnung O\u00d6 der Elektro-, Geb\u00e4ude, Alarm- und Kommunikationstechniker\n<p><strong><a href=\"https:\/\/www.ris.bka.gv.at\/GeltendeFassung.wxe?Abfrage=Bundesnormen&amp;Gesetzesnummer=10007517\">Gewerbeordnung<\/a>:\u00a0<\/strong><a href=\"https:\/\/www.ris.bka.gv.at\/\">https:\/\/www.ris.bka.gv.at<\/a><\/p>\n<p><strong>staatlich gepr\u00fcfter Elektrotechniker<\/strong>\u00a0gem\u00e4\u00df \u00a722 GewO 1994<\/p>\n<p><strong>Aufsichtsbeh\u00f6rde:<\/strong>\u00a0Bezirkshauptmannschaft Sch\u00e4rding<\/p>\n<strong>Angaben zur Online-Streitbeilegung:<\/strong><br \/>\nVerbraucher haben die M\u00f6glichkeit, Beschwerden an die Online-Streitbeilegungsplattform der EU zu richten:\u00a0<a href=\"http:\/\/ec.europa.eu\/odr\">http:\/\/ec.europa.eu\/odr<\/a>.<br \/>\nSie k\u00f6nnen allf\u00e4llige Beschwerde auch an die oben angegebene E-Mail-Adresse richten.\n<h3>Haftung f\u00fcr Inhalte dieser Webseite<\/h3>\n<p>Ich entwickele die Inhalte dieser Webseite st\u00e4ndig weiter und bem\u00fche mich korrekte und aktuelle Informationen bereitzustellen. Leider kann ich keine Haftung f\u00fcr die Korrektheit aller Inhalte auf dieser Webseite \u00fcbernehmen, speziell f\u00fcr jene die seitens Dritter bereitgestellt wird. Sollten Ihnen problematische oder rechtswidrige Inhalte auffallen, bitte ich Sie mich umgehend zu kontaktieren, Sie finden die Kontaktdaten im Impressum.<\/p>\n<h3>Haftung f\u00fcr Links auf dieser Webseite<\/h3>\n<p>Meine Webseite enth\u00e4lt Links zu anderen Webseiten f\u00fcr deren Inhalt ich nicht verantwortlich bin. Wenn Ihnen rechtswidrige Links auf unserer Webseite auffallen, bitte wir Sie uns zu kontaktieren, Sie finden die Kontaktdaten im Impressum.<\/p>\n<h3>Urheberrechtshinweis<\/h3>\n<p>Alle Inhalte dieser Webseite (Bilder, Fotos, Texte, Videos) unterliegen dem Urheberrecht. Falls notwendig, werde ich die unerlaubte Nutzung von Teilen der Inhalte dieser Seite rechtlich verfolgen.<\/p>\n\n","protected":false},"excerpt":{"rendered":"<p>Impressum Ing. Philipp Hell Dachsenweg 2 4783 Wernstein am Inn AUSTRIA Telefon: +43 664 466 57 35 Email: philipp@hell.info Unternehmensgegenstand: Elektrotechnik Mitglied\u00a0der Wirtschaftskammer Ober\u00f6sterreich Landesinnung O\u00d6 der Elektro-, Geb\u00e4ude, Alarm- und Kommunikationstechniker Gewerbeordnung:\u00a0https:\/\/www.ris.bka.gv.at staatlich gepr\u00fcfter Elektrotechniker\u00a0gem\u00e4\u00df \u00a722 GewO 1994 Aufsichtsbeh\u00f6rde:\u00a0Bezirkshauptmannschaft Sch\u00e4rding Angaben zur Online-Streitbeilegung: Verbraucher haben die M\u00f6glichkeit, Beschwerden an die Online-Streitbeilegungsplattform der EU zu [&hellip;]<\/p>\n","protected":false},"author":19,"featured_media":0,"parent":0,"menu_order":0,"comment_status":"closed","ping_status":"closed","template":"","meta":{"site-sidebar-layout":"default","site-content-layout":"","ast-site-content-layout":"default","site-content-style":"default","site-sidebar-style":"default","ast-global-header-display":"","ast-banner-title-visibility":"","ast-main-header-display":"","ast-hfb-above-header-display":"","ast-hfb-below-header-display":"","ast-hfb-mobile-header-display":"","site-post-title":"disabled","ast-breadcrumbs-content":"","ast-featured-img":"","footer-sml-layout":"","ast-disable-related-posts":"","theme-transparent-header-meta":"","adv-header-id-meta":"","stick-header-meta":"","header-above-stick-meta":"","header-main-stick-meta":"","header-below-stick-meta":"","astra-migrate-meta-layouts":"default","ast-page-background-enabled":"default","ast-page-background-meta":{"desktop":{"background-color":"var(--ast-global-color-4)","background-image":"","background-repeat":"repeat","background-position":"center center","background-size":"auto","background-attachment":"scroll","background-type":"","background-media":"","overlay-type":"","overlay-color":"","overlay-opacity":"","overlay-gradient":""},"tablet":{"background-color":"","background-image":"","background-repeat":"repeat","background-position":"center center","background-size":"auto","background-attachment":"scroll","background-type":"","background-media":"","overlay-type":"","overlay-color":"","overlay-opacity":"","overlay-gradient":""},"mobile":{"background-color":"","background-image":"","background-repeat":"repeat","background-position":"center center","background-size":"auto","background-attachment":"scroll","background-type":"","background-media":"","overlay-type":"","overlay-color":"","overlay-opacity":"","overlay-gradient":""}},"ast-content-background-meta":{"desktop":{"background-color":"var(--ast-global-color-5)","background-image":"","background-repeat":"repeat","background-position":"center center","background-size":"auto","background-attachment":"scroll","background-type":"","background-media":"","overlay-type":"","overlay-color":"","overlay-opacity":"","overlay-gradient":""},"tablet":{"background-color":"var(--ast-global-color-5)","background-image":"","background-repeat":"repeat","background-position":"center center","background-size":"auto","background-attachment":"scroll","background-type":"","background-media":"","overlay-type":"","overlay-color":"","overlay-opacity":"","overlay-gradient":""},"mobile":{"background-color":"var(--ast-global-color-5)","background-image":"","background-repeat":"repeat","background-position":"center center","background-size":"auto","background-attachment":"scroll","background-type":"","background-media":"","overlay-type":"","overlay-color":"","overlay-opacity":"","overlay-gradient":""}},"footnotes":""},"class_list":["post-16","page","type-page","status-publish","hentry"],"yoast_head":"<!-- This site is optimized with the Yoast SEO plugin v27.5 - https:\/\/yoast.com\/product\/yoast-seo-wordpress\/ -->\n<title>Impressum - Ing. Philipp Hell<\/title>\n<meta name=\"robots\" content=\"index, follow, max-snippet:-1, max-image-preview:large, max-video-preview:-1\" \/>\n<link rel=\"canonical\" href=\"https:\/\/web.sw.unterholzer.dev\/philipp-hell\/impressum\/\" \/>\n<meta property=\"og:locale\" content=\"de_DE\" \/>\n<meta property=\"og:type\" content=\"article\" \/>\n<meta property=\"og:title\" content=\"Impressum - Ing. Philipp Hell\" \/>\n<meta property=\"og:description\" content=\"Impressum Ing. Philipp Hell Dachsenweg 2 4783 Wernstein am Inn AUSTRIA Telefon: +43 664 466 57 35 Email: philipp@hell.info Unternehmensgegenstand: Elektrotechnik Mitglied\u00a0der Wirtschaftskammer Ober\u00f6sterreich Landesinnung O\u00d6 der Elektro-, Geb\u00e4ude, Alarm- und Kommunikationstechniker Gewerbeordnung:\u00a0https:\/\/www.ris.bka.gv.at staatlich gepr\u00fcfter Elektrotechniker\u00a0gem\u00e4\u00df \u00a722 GewO 1994 Aufsichtsbeh\u00f6rde:\u00a0Bezirkshauptmannschaft Sch\u00e4rding Angaben zur Online-Streitbeilegung: Verbraucher haben die M\u00f6glichkeit, Beschwerden an die Online-Streitbeilegungsplattform der EU zu [&hellip;]\" \/>\n<meta property=\"og:url\" content=\"https:\/\/web.sw.unterholzer.dev\/philipp-hell\/impressum\/\" \/>\n<meta property=\"og:site_name\" content=\"Ing. Philipp Hell\" \/>\n<meta property=\"article:modified_time\" content=\"2023-06-12T21:55:28+00:00\" \/>\n<meta property=\"og:image\" content=\"https:\/\/xn--bschtn-0xa.at\/philipp-hell\/wp-content\/uploads\/sites\/31\/2023\/06\/ecg.png\" \/>\n<meta name=\"twitter:card\" content=\"summary_large_image\" \/>\n<meta name=\"twitter:label1\" content=\"Gesch\u00e4tzte Lesezeit\" \/>\n\t<meta name=\"twitter:data1\" content=\"2\u00a0Minuten\" \/>\n<script type=\"application\/ld+json\" class=\"yoast-schema-graph\">{\"@context\":\"https:\\\/\\\/schema.org\",\"@graph\":[{\"@type\":\"WebPage\",\"@id\":\"https:\\\/\\\/web.sw.unterholzer.dev\\\/philipp-hell\\\/impressum\\\/\",\"url\":\"https:\\\/\\\/web.sw.unterholzer.dev\\\/philipp-hell\\\/impressum\\\/\",\"name\":\"Impressum - Ing. Philipp Hell\",\"isPartOf\":{\"@id\":\"https:\\\/\\\/web.sw.unterholzer.dev\\\/philipp-hell\\\/#website\"},\"primaryImageOfPage\":{\"@id\":\"https:\\\/\\\/web.sw.unterholzer.dev\\\/philipp-hell\\\/impressum\\\/#primaryimage\"},\"image\":{\"@id\":\"https:\\\/\\\/web.sw.unterholzer.dev\\\/philipp-hell\\\/impressum\\\/#primaryimage\"},\"thumbnailUrl\":\"https:\\\/\\\/xn--bschtn-0xa.at\\\/philipp-hell\\\/wp-content\\\/uploads\\\/sites\\\/31\\\/2023\\\/06\\\/ecg.png\",\"datePublished\":\"2023-06-12T20:53:45+00:00\",\"dateModified\":\"2023-06-12T21:55:28+00:00\",\"breadcrumb\":{\"@id\":\"https:\\\/\\\/web.sw.unterholzer.dev\\\/philipp-hell\\\/impressum\\\/#breadcrumb\"},\"inLanguage\":\"de\",\"potentialAction\":[{\"@type\":\"ReadAction\",\"target\":[\"https:\\\/\\\/web.sw.unterholzer.dev\\\/philipp-hell\\\/impressum\\\/\"]}]},{\"@type\":\"ImageObject\",\"inLanguage\":\"de\",\"@id\":\"https:\\\/\\\/web.sw.unterholzer.dev\\\/philipp-hell\\\/impressum\\\/#primaryimage\",\"url\":\"https:\\\/\\\/xn--bschtn-0xa.at\\\/philipp-hell\\\/wp-content\\\/uploads\\\/sites\\\/31\\\/2023\\\/06\\\/ecg.png\",\"contentUrl\":\"https:\\\/\\\/xn--bschtn-0xa.at\\\/philipp-hell\\\/wp-content\\\/uploads\\\/sites\\\/31\\\/2023\\\/06\\\/ecg.png\"},{\"@type\":\"BreadcrumbList\",\"@id\":\"https:\\\/\\\/web.sw.unterholzer.dev\\\/philipp-hell\\\/impressum\\\/#breadcrumb\",\"itemListElement\":[{\"@type\":\"ListItem\",\"position\":1,\"name\":\"Startseite\",\"item\":\"https:\\\/\\\/web.sw.unterholzer.dev\\\/philipp-hell\\\/\"},{\"@type\":\"ListItem\",\"position\":2,\"name\":\"Impressum\"}]},{\"@type\":\"WebSite\",\"@id\":\"https:\\\/\\\/web.sw.unterholzer.dev\\\/philipp-hell\\\/#website\",\"url\":\"https:\\\/\\\/web.sw.unterholzer.dev\\\/philipp-hell\\\/\",\"name\":\"Ing. Philipp Hell\",\"description\":\"\",\"potentialAction\":[{\"@type\":\"SearchAction\",\"target\":{\"@type\":\"EntryPoint\",\"urlTemplate\":\"https:\\\/\\\/web.sw.unterholzer.dev\\\/philipp-hell\\\/?s={search_term_string}\"},\"query-input\":{\"@type\":\"PropertyValueSpecification\",\"valueRequired\":true,\"valueName\":\"search_term_string\"}}],\"inLanguage\":\"de\"}]}<\/script>\n<!-- \/ Yoast SEO plugin. -->","yoast_head_json":{"title":"Impressum - Ing. Philipp Hell","robots":{"index":"index","follow":"follow","max-snippet":"max-snippet:-1","max-image-preview":"max-image-preview:large","max-video-preview":"max-video-preview:-1"},"canonical":"https:\/\/web.sw.unterholzer.dev\/philipp-hell\/impressum\/","og_locale":"de_DE","og_type":"article","og_title":"Impressum - Ing. Philipp Hell","og_description":"Impressum Ing. Philipp Hell Dachsenweg 2 4783 Wernstein am Inn AUSTRIA Telefon: +43 664 466 57 35 Email: philipp@hell.info Unternehmensgegenstand: Elektrotechnik Mitglied\u00a0der Wirtschaftskammer Ober\u00f6sterreich Landesinnung O\u00d6 der Elektro-, Geb\u00e4ude, Alarm- und Kommunikationstechniker Gewerbeordnung:\u00a0https:\/\/www.ris.bka.gv.at staatlich gepr\u00fcfter Elektrotechniker\u00a0gem\u00e4\u00df \u00a722 GewO 1994 Aufsichtsbeh\u00f6rde:\u00a0Bezirkshauptmannschaft Sch\u00e4rding Angaben zur Online-Streitbeilegung: Verbraucher haben die M\u00f6glichkeit, Beschwerden an die Online-Streitbeilegungsplattform der EU zu [&hellip;]","og_url":"https:\/\/web.sw.unterholzer.dev\/philipp-hell\/impressum\/","og_site_name":"Ing. Philipp Hell","article_modified_time":"2023-06-12T21:55:28+00:00","og_image":[{"url":"https:\/\/xn--bschtn-0xa.at\/philipp-hell\/wp-content\/uploads\/sites\/31\/2023\/06\/ecg.png","type":"","width":"","height":""}],"twitter_card":"summary_large_image","twitter_misc":{"Gesch\u00e4tzte Lesezeit":"2\u00a0Minuten"},"schema":{"@context":"https:\/\/schema.org","@graph":[{"@type":"WebPage","@id":"https:\/\/web.sw.unterholzer.dev\/philipp-hell\/impressum\/","url":"https:\/\/web.sw.unterholzer.dev\/philipp-hell\/impressum\/","name":"Impressum - Ing. Philipp Hell","isPartOf":{"@id":"https:\/\/web.sw.unterholzer.dev\/philipp-hell\/#website"},"primaryImageOfPage":{"@id":"https:\/\/web.sw.unterholzer.dev\/philipp-hell\/impressum\/#primaryimage"},"image":{"@id":"https:\/\/web.sw.unterholzer.dev\/philipp-hell\/impressum\/#primaryimage"},"thumbnailUrl":"https:\/\/xn--bschtn-0xa.at\/philipp-hell\/wp-content\/uploads\/sites\/31\/2023\/06\/ecg.png","datePublished":"2023-06-12T20:53:45+00:00","dateModified":"2023-06-12T21:55:28+00:00","breadcrumb":{"@id":"https:\/\/web.sw.unterholzer.dev\/philipp-hell\/impressum\/#breadcrumb"},"inLanguage":"de","potentialAction":[{"@type":"ReadAction","target":["https:\/\/web.sw.unterholzer.dev\/philipp-hell\/impressum\/"]}]},{"@type":"ImageObject","inLanguage":"de","@id":"https:\/\/web.sw.unterholzer.dev\/philipp-hell\/impressum\/#primaryimage","url":"https:\/\/xn--bschtn-0xa.at\/philipp-hell\/wp-content\/uploads\/sites\/31\/2023\/06\/ecg.png","contentUrl":"https:\/\/xn--bschtn-0xa.at\/philipp-hell\/wp-content\/uploads\/sites\/31\/2023\/06\/ecg.png"},{"@type":"BreadcrumbList","@id":"https:\/\/web.sw.unterholzer.dev\/philipp-hell\/impressum\/#breadcrumb","itemListElement":[{"@type":"ListItem","position":1,"name":"Startseite","item":"https:\/\/web.sw.unterholzer.dev\/philipp-hell\/"},{"@type":"ListItem","position":2,"name":"Impressum"}]},{"@type":"WebSite","@id":"https:\/\/web.sw.unterholzer.dev\/philipp-hell\/#website","url":"https:\/\/web.sw.unterholzer.dev\/philipp-hell\/","name":"Ing. Philipp Hell","description":"","potentialAction":[{"@type":"SearchAction","target":{"@type":"EntryPoint","urlTemplate":"https:\/\/web.sw.unterholzer.dev\/philipp-hell\/?s={search_term_string}"},"query-input":{"@type":"PropertyValueSpecification","valueRequired":true,"valueName":"search_term_string"}}],"inLanguage":"de"}]}},"_links":{"self":[{"href":"https:\/\/web.sw.unterholzer.dev\/philipp-hell\/wp-json\/wp\/v2\/pages\/16","targetHints":{"allow":["GET"]}}],"collection":[{"href":"https:\/\/web.sw.unterholzer.dev\/philipp-hell\/wp-json\/wp\/v2\/pages"}],"about":[{"href":"https:\/\/web.sw.unterholzer.dev\/philipp-hell\/wp-json\/wp\/v2\/types\/page"}],"author":[{"embeddable":true,"href":"https:\/\/web.sw.unterholzer.dev\/philipp-hell\/wp-json\/wp\/v2\/users\/19"}],"replies":[{"embeddable":true,"href":"https:\/\/web.sw.unterholzer.dev\/philipp-hell\/wp-json\/wp\/v2\/comments?post=16"}],"version-history":[{"count":9,"href":"https:\/\/web.sw.unterholzer.dev\/philipp-hell\/wp-json\/wp\/v2\/pages\/16\/revisions"}],"predecessor-version":[{"id":38,"href":"https:\/\/web.sw.unterholzer.dev\/philipp-hell\/wp-json\/wp\/v2\/pages\/16\/revisions\/38"}],"wp:attachment":[{"href":"https:\/\/web.sw.unterholzer.dev\/philipp-hell\/wp-json\/wp\/v2\/media?parent=16"}],"curies":[{"name":"wp","href":"https:\/\/api.w.org\/{rel}","templated":true}]}}